t t be ((-12)/(-10))/((-3)/(-20)). What is the highest common factor of t and g?
8
Let t(s) = -s**2 - 3*s - 6. Let z be t(-4). Let h = z - -17. What is the greatest common factor of h and 21?
7
Let a = -62 - -83. Calculate the greatest common divisor of 28 and a.
7
Let q(s) = 9*s + 5*s - 1 + 3*s. Let b be q(1). Suppose t - 3*t = 2*z - b, 0 = t + 2*z - 3. Calculate the highest common divisor of 13 and t.
13
Suppose -j - 8 + 7 = 0. Let c(g) = -27*g**3 - 2*g - 1. Let s be c(j). Calculate the greatest common factor of 7 and s.
7
Let a = 2 + 4. Let r be (-2)/(-7) + (-360)/(-63). Calculate the highest common factor of a and r.
6
Let t(i) = 2*i + 34. Let x be t(-8). What is the highest common factor of x and 36?
18
Let f(k) = 4*k - 5. Suppose -4*h = -0*d + d - 12, 4*d + 16 = 0. Let b be f(h). Suppose 3*i - 19 = b. What is the highest common divisor of 5 and i?
5
Let z = 1 - -1. Suppose 2*f + 38 = 4*k, -18 = -z*k - 2*f + 4*f. Calculate the highest common factor of k and 30.
10
Suppose a - 3*a = -512. Suppose 152 = 16*c - 360. What is the highest common factor of c and a?
32
Let w be 4/(-6) - 329/(-21). Calculate the greatest common divisor of w and 60.
15
Suppose -335 + 35 = -5*d. Let s = d - 41. Suppose y = -4*y, w + 5*y - 19 = 0. What is the highest common divisor of s and w?
19
Let u = 92 + -73. Calculate the greatest common divisor of 361 and u.
19
Let c(i) = i + 6. Let a = 10 + -13. Let x be a - -1*(9 - 1). Let r be c(x). What is the greatest common divisor of r and 121?
11
Suppose -4*q = 4*h - 44, 52 = 4*q - 3*h + 1. Calculate the highest common divisor of q and 84.
12
Suppose -2*q - 12 = q. Let h = q + 7. Calculate the greatest common factor of h and 3.
3
Let a(p) = -3*p - 43. Let s be a(-25). Calculate the greatest common factor of s and 8.
8
Let l(u) = -u**3 - 6*u**2. Let q(v) = 2*v + 6. Let d be q(-6). Let z be l(d). Suppose z = 4*m + 20 - 132. Calculate the highest common factor of m and 42.
14
Suppose 2*l = 6*l - 72. What is the highest common divisor of 144 and l?
18
Suppose -6*b = -4*b - 72. Calculate the highest common factor of b and 54.
18
Let r = 20 + -2. What is the greatest common factor of r and 72?
18
Let n(b) = b**3 - 4*b**2 - 5*b + 7. Let h be n(5). Let f = -7 + h. Suppose f*o = 4*o - 184. What is the highest common factor of o and 23?
23
Let q be (72/20)/(4/30). What is the highest common divisor of q and 3?
3
Let c(g) be the third derivative of -11*g**6/30 + 3*g**2. Let o be c(-1). Calculate the greatest common factor of 11 and o.
11
Let u be 9/(27/28)*3. Calculate the greatest common divisor of 8 and u.
4
Suppose -4*n + 22 + 38 = s, 4*n = 2*s + 60. Suppose b + n = 4*b. Suppose -5 = d, -5*d + 9*d = b*y - 195. What is the highest common factor of 5 and y?
5
Suppose 16 = -5*l + 421. Calculate the highest common divisor of l and 54.
27
Let l = 79 + -77. Suppose 0*u = 5*u - 40. What is the highest common divisor of u and l?
2
Let g(j) = j**3 + 6*j**2 + 3*j - 3. Let w = 2 - 5. Let y be g(w). Calculate the greatest common divisor of 45 and y.
15
Let p(l) = -5*l - 3. Let k be p(-2). Suppose 4*y + 20 = -y. Let v = 32 + y. What is the greatest common divisor of k and v?
7
Suppose -2*m + 290 = 3*m. Suppose 0 = 5*v - q - 67, 0 = -6*v + v + 4*q + m. What is the greatest common factor of v and 112?
14
Let u = 49 - 34. Let g = -1 + u. Let c(v) = -v + 4. Let x be c(2). Calculate the greatest common factor of g and x.
2
Let z(u) = 5*u - 26. Let a(k) = k - 5. Let l(s) = 11*a(s) - 2*z(s). Let f be l(11). Calculate the greatest common factor of f and 2.
2
Suppose 0 = 5*t - 7*t + 6. Suppose -4*h + 20 = 0, 4*b - t*h + 7 = -0*b. Suppose 3*g - 1 = b*g. What is the highest common factor of g and 3?
1
Let s(k) = 13*k - 30. Let o be s(6). What is the greatest common divisor of 96 and o?
48
Let q(j) = -2*j**2 + 18*j + 11. Let c be q(9). Calculate the greatest common factor of 88 and c.
11
Suppose 4*g - 93 = -17. What is the highest common factor of 57 and g?
19
Let q(g) = -g**2 - 10*g - 9. Let h be q(-7). Let t = 12 - -12. What is the greatest common factor of h and t?
12
Let i = -7 - -17. Let m = 22 - i. Let c = -55 - -151. What is the highest common factor of c and m?
12
Let u = 34 + -18. Let n be (-1170)/(-12) - (-3)/(-2). Calculate the highest common factor of u and n.
16
Let j = 163 - 97. Suppose 12*q + 88 = 4*z + 7*q, q = 0. Calculate the highest common factor of z and j.
22
Suppose -3*z + 3*s - 5*s + 135 = 0, 0 = 3*z - 2*s - 135. Calculate the greatest common factor of z and 75.
15
Let l be (4/3)/((-9)/(-81)). What is the highest common factor of l and 36?
12
Suppose 5*n = 45 + 25. What is the greatest common divisor of n and 42?
14
Let r be 14/3 - (-5)/15. Suppose 5*t - 17 = 3*m - 5, 0 = -t + 2*m + 1. Suppose w + r*a + 4 = -t, -w - 2*a + 2 = 0. What is the highest common factor of w and 2?
2
Suppose -304 = -4*b + 444. Suppose 0*n - 5*n - 136 = -4*y, -b = -5*y + 2*n. What is the greatest common divisor of 26 and y?
13
Let b(s) = s**2 + 6*s + 4. Let x be b(-6). Let z(f) = 2*f + 7. Let u be z(-7). Let y be x/(-14) + (-100)/u. Calculate the highest common divisor of y and 98.
14
Suppose 3*c = 7*c + u - 82, 0 = -2*c - 5*u + 50. What is the highest common factor of 10 and c?
10
Suppose 10 = 4*h - 14. Let r = h + 16. What is the greatest common divisor of r and 33?
11
Suppose 0 = 7*d - 2*d - 35. What is the highest common divisor of 56 and d?
7
Let f = -36 + 53. Let r(m) = 3*m**2 + 7*m + 3. Let k be r(6). What is the greatest common factor of f and k?
17
Let j be 66 - (2/(-2) - -4). What is the highest common factor of j and 21?
21
Suppose 3*b = -26*b + 638. Let r = 2 - 81. Let s be (-2)/7 - r/7. Calculate the highest common divisor of b and s.
11
Let z be (-2 - -2) + 0 + 1. Let r be (-24)/(-9)*3*z. Calculate the greatest common divisor of r and 88.
8
Suppose 4*d = d + 12. What is the highest common factor of d and 16?
4
Let v be (-3)/7 - 90/(-14). Calculate the highest common divisor of 48 and v.
6
Let y be (-3)/6 - 338/(-4). Suppose 3*n - y = -n. Suppose d - n + 1 = 0. Calculate the greatest common divisor of d and 10.
10
Suppose 5 = 5*c - 15. Suppose c*i + 8 - 80 = 0. Suppose 21 + i = w. Calculate the greatest common divisor of w and 26.
13
Let b be 3/6 + 1/2. Let h(u) = u - 1. Let r be h(b). Suppose -4*l + 3 = -1, 2*a - l - 63 = r. Calculate the greatest common factor of 8 and a.
8
Suppose -10 + 34 = 2*l. Calculate the highest common divisor of l and 6.
6
Suppose 4*k - k - 108 = 0. Let q be 1/2 - 66/(-4). Suppose -2*f + q = -1. Calculate the greatest common divisor of k and f.
9
Let z(p) = p**3 - 6*p**2 + 3*p + 12. Let v be z(6). Let s be (-9 - -1)/(6/(-15)). Calculate the greatest common divisor of v and s.
10
Let d be 3/(-15) + (-159)/5. Let a = d + 52. Let o(f) = -f**3 - 6*f**2 - 5*f + 5. Let s be o(-5). Calculate the greatest common factor of s and a.
5
Let k(v) = v**2 + 2*v - 2. Let t be (-20)/(-6)*3/2. Suppose -m + 6 = -3*w, 0*m + t*w + 14 = 3*m. Let c be k(m). What is the greatest common divisor of c and 13?
13
Suppose -18 = -u - 3*t, -2*t - 2*t = 3*u - 29. Suppose -u*s = -43 + 10. What is the greatest common factor of s and 44?
11
Let b(c) = -7*c - 11. Let v be b(-5). What is the greatest common factor of v and 72?
24
Suppose -g + 16 = 3*u - 2, -8 = -4*u. Suppose 0 = 2*a + 2*h + 28, -2*a + 3*h = 6*h + 26. Let q = 24 + a. What is the highest common factor of q and g?
4
Let w be 1/((21/(-90))/(-7)). Suppose -4*m + 3*p = -957, 3*m - m = -3*p + 483. Calculate the greatest common divisor of w and m.
30
Let c be 565/(-2)*20/25. Let o be c/(-8) - (-2)/(-8). Calculate the highest common factor of o and 4.
4
Let i = 29 + 11. What is the highest common factor of 10 and i?
10
Let y(r) = -17*r**3 - 1. Let a be y(-1). Suppose -g - t - 2*t = -a, 5*g - 100 = 5*t. Let k = g - 13. What is the highest common divisor of 66 and k?
6
Suppose 0 = -2*g - 3*b + 1, -3*b + 17 = 4*g. What is the greatest common divisor of 24 and g?
8
Let m be -51*1/(-6)*2. What is the highest common divisor of 119 and m?
17
Let r = -3 + -12. Let m = r - -24. What is the greatest common factor of m and 81?
9
Suppose -18 = -4*q - 2. Suppose -q*f + 6 = -18. What is the highest common divisor of f and 30?
6
Let b(f) = f**3 - f**2 + 6*f - 7. Let t be b(3). What is the highest common